 factor of 39 and 3016.
13
Calculate the greatest common divisor of 36 and 168.
12
Calculate the highest common factor of 12 and 348.
12
Calculate the highest common factor of 6 and 258.
6
What is the highest common factor of 303 and 808?
101
Calculate the highest common divisor of 44 and 1782.
22
Calculate the highest common divisor of 126 and 81.
9
Calculate the highest common factor of 75 and 15.
15
Calculate the highest common factor of 44 and 121.
11
Calculate the greatest common factor of 69 and 99981.
69
Calculate the greatest common factor of 290 and 3364.
58
What is the greatest common divisor of 75 and 1475?
25
Calculate the highest common divisor of 3443 and 165.
11
Calculate the greatest common divisor of 238 and 5831.
119
Calculate the highest common divisor of 31 and 6169.
31
Calculate the greatest common divisor of 3255 and 210.
105
Calculate the greatest common factor of 72 and 84.
12
Calculate the highest common factor of 4 and 4.
4
What is the greatest common factor of 11600 and 1200?
400
Calculate the highest common divisor of 368 and 7452.
92
What is the greatest common factor of 235 and 5?
5
Calculate the greatest common divisor of 128 and 3712.
128
Calculate the greatest common divisor of 550 and 100.
50
Calculate the greatest common factor of 364 and 1729.
91
What is the greatest common factor of 15 and 1495?
5
Calculate the greatest common factor of 90 and 630.
90
What is the highest common factor of 24 and 584?
8
Calculate the greatest common divisor of 180 and 105.
15
Calculate the highest common divisor of 63 and 5103.
63
What is the greatest common divisor of 38 and 399?
19
What is the greatest common divisor of 34 and 3842?
34
Calculate the highest common factor of 20 and 620.
20
Calculate the greatest common divisor of 528 and 16.
16
What is the greatest common divisor of 979 and 33?
11
Calculate the highest common divisor of 1380 and 120.
60
What is the greatest common divisor of 87 and 377?
29
Calculate the greatest common factor of 330 and 30.
30
What is the highest common factor of 48 and 1576?
8
Calculate the highest common divisor of 732 and 12.
12
What is the highest common factor of 105 and 3129?
21
Calculate the greatest common divisor of 133 and 28.
7
What is the greatest common divisor of 76 and 62?
2
What is the greatest common divisor of 318 and 11236?
106
Calculate the greatest common divisor of 19 and 5.
1
What is the highest common factor of 119 and 85?
17
What is the greatest common factor of 32 and 112?
16
What is the greatest common factor of 114 and 114?
114
What is the greatest common factor of 381 and 46101?
381
Calculate the highest common divisor of 34333 and 38.
19
Calculate the greatest common factor of 195 and 9984.
39
Calculate the highest common divisor of 228 and 36.
12
What is the highest common factor of 992 and 31?
31
Calculate the greatest common divisor of 5740 and 220.
20
Calculate the highest common divisor of 12 and 147.
3
What is the greatest common factor of 86 and 2881?
43
What is the greatest common factor of 3525 and 141?
141
Calculate the greatest common divisor of 20 and 142.
2
Calculate the highest common divisor of 300 and 10700.
100
What is the highest common divisor of 703 and 74?
37
Calculate the highest common divisor of 3009 and 354.
177
What is the greatest common divisor of 91 and 13?
13
Calculate the highest common divisor of 39 and 403.
13
Calculate the greatest common divisor of 562 and 2.
2
Calculate the greatest common divisor of 220 and 715.
55
Calculate the highest common factor of 2480 and 80.
80
What is the highest common factor of 5 and 13630?
5
Calculate the greatest common factor of 2150 and 172.
86
What is the highest common divisor of 8 and 584?
8
What is the highest common divisor of 16 and 372?
4
Calculate the greatest common factor of 92 and 64.
4
Calculate the greatest common divisor of 415 and 166.
83
Calculate the greatest common factor of 4532 and 22.
22
Calculate the greatest common divisor of 60 and 12140.
20
What is the greatest common divisor of 18 and 11862?
18
Calculate the highest common divisor of 1617 and 2574.
33
What is the greatest common factor of 54 and 1014?
6
Calculate the greatest common divisor of 62 and 1674.
62
What is the greatest common divisor of 136 and 153?
17
What is the greatest common divisor of 273 and 21?
21
Calculate the greatest common factor of 6 and 6918.
6
Calculate the highest common divisor of 23 and 8.
1
What is the highest common factor of 84 and 147?
21
Calculate the highest common divisor of 1643 and 186.
31
What is the greatest common factor of 21 and 61257?
21
What is the greatest common divisor of 220 and 46860?
220
Calculate the greatest common divisor of 1540 and 77.
77
Calculate the highest common divisor of 1501 and 38.
19
Calculate the greatest common factor of 80 and 1608.
8
Calculate the highest common factor of 707 and 909.
101
What is the highest common divisor of 1668 and 12?
12
Calculate the highest common factor of 3 and 51.
3
Calculate the greatest common divisor of 77 and 8701.
77
What is the greatest common divisor of 11096 and 438?
146
What is the greatest common divisor of 25 and 675?
25
Calculate the highest common divisor of 583 and 11.
11
What is the greatest common factor of 308 and 1988?
28
Calculate the greatest common divisor of 81 and 675.
27
What is the greatest common factor of 38 and 874?
38
Calculate the highest common factor of 80 and 848.
16
What is the greatest common divisor of 29089 and 38?
19
What is the highest common divisor of 507 and 39?
39
What is the greatest common factor of 30351 and 151?
151
What is the greatest common factor of 526 and 2893?
263
Calculate the highest common factor of 87 and 3219.
87
What is the greatest common divisor of 50 and 100?
50
What is the greatest common divisor of 693 and 99?
99
Calculate the greatest common divisor of 350 and 140.
70
What is the highest common factor of 4 and 56?
4
What is the greatest common factor of 92 and 7452?
92
Calculate the greatest common divisor of 111 and 481.
37
Calculate the highest common divisor of 5496 and 12.
12
What is the greatest common divisor of 456 and 114?
114
Calculate the greatest common divisor of 153 and 255.
51
Calculate the highest common divisor of 10 and 515.
5
Calculate the highest common divisor of 174 and 3306.
174
Calculate the highest common divisor of 300 and 1005.
15
What is the highest common factor of 4215 and 15?
15
Calculate the highest common divisor of 240 and 15.
15
Calculate the highest common factor of 52 and 4199.
13
Calculate the highest common factor of 92 and 4.
4
What is the highest common divisor of 11502 and 162?
162
What is the greatest common factor of 126 and 476?
14
Calculate the greatest common divisor of 49 and 21.
7
What is the highest common divisor of 712 and 89?
89
What is the greatest common factor of 754 and 26?
26
What is the greatest common divisor of 30483 and 9?
9
Calculate the highest common factor of 18 and 234.
18
Calculate the greatest common divisor of 32891 and 62.
31
Calculate the highest common factor of 429 and 297.
33
What is the greatest common factor of 57 and 1957?
19
Calculate the greatest common factor of 189 and 54.
27
Calculate the greatest common factor of 7062 and 22.
22
What is the highest common divisor of 16 and 202?
2
What is the highest common divisor of 1104 and 16?
16
What is the highest common factor of 767 and 13?
13
What is the highest common divisor of 2530 and 110?
110
Calculate the highest common factor of 9 and 1467.
9
What is the highest common factor of 233 and 7?
1
What is the greatest common factor of 133 and 5054?
133
What is the greatest common divisor of 6 and 458?
2
Calculate the greatest common divisor of 924 and 588.
84
Calculate the greatest common divisor of 13694 and 1169.
167
Calculate the highest common factor of 42 and 402.
6
What is the greatest common divisor of 50 and 15?
5
Calculate the highest common factor of 300 and 400.
100
What is the highest common factor of 840 and 182?
14
What is the greatest common divisor of 110 and 176?
22
What is the highest common factor of 523 and 1?
1
Calculate the greatest common factor of 92 and 253.
23
Calculate the highest common factor of 38 and 